(x) = x**3 + 17*x**2 + 20*x - 10. Determine y(-16).
-74
Let n(a) = -a**2 - a + 16. What is n(3)?
4
Let v(u) = -u**3 - 8*u**2 - 8*u - 1. Determine v(-6).
-25
Let a(j) = 125*j**2 + 3*j - 2. Give a(1).
126
Let m(p) = p**2 - 2*p + 1. Determine m(1).
0
Let x(r) = -3*r - 38. Give x(-18).
16
Let y(z) = z**3 - 7*z**2 - 4*z + 1. Give y(7).
-27
Let j(h) = -21*h - 13. What is j(-2)?
29
Let w(k) = 2*k + 30. What is w(0)?
30
Let t(n) = 33*n**2 + n. Calculate t(-1).
32
Let i(t) = t + 13. Determine i(-6).
7
Let p(u) = -u**3 + 3*u**2 - 2. What is p(-1)?
2
Let a(v) = -v**2 - 14*v - 12. What is a(-5)?
33
Let k(y) = 2*y**2 - 29*y - 106. Determine k(17).
-21
Let u(v) = 3*v + 30. Give u(-4).
18
Let n(j) = 30*j - 24. What is n(-3)?
-114
Let j(q) = -q**2 + 5*q + 10. Calculate j(7).
-4
Let q(f) = -7*f + 47. Calculate q(8).
-9
Let l(o) = -o**2 - 4*o + 129. Calculate l(9).
12
Let n(l) = l**2 + 23*l + 82. What is n(-19)?
6
Let k(n) = n**3 - 7*n**2 + 2*n - 10. Give k(7).
4
Let q(i) = -i**2 + 29*i - 58. Determine q(26).
20
Let b(x) = x**3 - x**2 - 2*x - 6. What is b(3)?
6
Let v(t) = 3*t**3 - 2*t**2 + 4*t - 5. Calculate v(3).
70
Let h(t) = 4*t + 11. What is h(-3)?
-1
Let u(v) = v**2 + 5*v. Determine u(-6).
6
Let b(h) = -2*h + 27. Give b(11).
5
Let b(t) = -20*t + 1227. Give b(61).
7
Let h(b) = -b**3 + 5*b**2 + 4*b - 6. Give h(4).
26
Let o(t) = t**2 - 9*t - 7. Give o(10).
3
Let g(o) = 8*o**2 - 3*o + 2. Determine g(2).
28
Let k(j) = -2*j**2 + 5*j + 1. Determine k(3).
-2
Let x(g) = -12*g - 28. Determine x(-3).
8
Let v(j) = 2*j**3 - 2*j**2 - 3. Determine v(2).
5
Let g(j) = -j**2 - 94*j + 195. What is g(2)?
3
Let i(t) = -t**2 - t + 17. What is i(0)?
17
Let o(y) = 10*y - 50. Calculate o(10).
50
Let j(i) = 3*i**2 - 18*i - 16. Give j(7).
5
Let v(y) = -y**2 + 13*y + 2. Give v(14).
-12
Let s(v) = v**3 - 23*v**2 - 16. Give s(23).
-16
Let y(d) = -2*d**2 + 8*d - 6. Calculate y(4).
-6
Let w(r) = -19*r + 102. Give w(6).
-12
Let h(z) = -z + 21. Calculate h(7).
14
Let b(z) = -7*z + 16. What is b(-3)?
37
Let y(b) = b - 1. Give y(-3).
-4
Let a(b) = -b**3 + 3*b**2 + 4*b - 1. Calculate a(5).
-31
Let z(r) = r**3 - 3*r + 5. Give z(2).
7
Let o(z) = -15*z - 40. Give o(-3).
5
Let s(g) = -7*g - 36. Calculate s(-6).
6
Let y(w) = -4*w**2 + 11*w + 6. What is y(3)?
3
Let d(i) = 3*i - 3. Determine d(7).
18
Let s(f) = -f**3 + 18*f**2 - 17*f + 3. Give s(17).
3
Let p(c) = -75*c + 5. Give p(1).
-70
Let u(i) = -i + 2. Give u(8).
-6
Let c(m) = m**3 + 14*m**2 + 3*m + 30. What is c(-14)?
-12
Let q(t) = -t**3 - 5*t**2 + 2*t - 27. Determine q(-6).
-3
Let u(j) = j**2 + 24*j + 35. Calculate u(-22).
-9
Let g(w) = -w**2 + 34*w - 81. Determine g(32).
-17
Let n(a) = -3*a**2 - 39*a - 1. What is n(-13)?
-1
Let o(p) = 25*p + 204. What is o(-9)?
-21
Let x(r) = -2*r**3 - 2*r**2 + r + 2. Give x(-2).
8
Let p(l) = 7*l + 63. What is p(-7)?
14
Let b(f) = f**3 + f**2 - 2*f - 2. Calculate b(-2).
-2
Let d(a) = -2*a**2 - 7*a - 7. What is d(-4)?
-11
Let f(u) = 65*u**3 - u. Give f(-1).
-64
Let x(b) = -b - 20. Determine x(-14).
-6
Let i(j) = -13*j + 14. Calculate i(5).
-51
Let s(j) = j**3 + 5*j**2 + j + 5. Give s(-4).
17
Let t(f) = f**3 + 4*f**2 - 10*f - 2. What is t(-6)?
-14
Let j(t) = t**3 - 3*t**2 - 3*t - 6. Calculate j(5).
29
Let m(c) = 9*c - 4. Give m(-3).
-31
Let j(c) = -3*c**2 + c. Give j(-1).
-4
Let q(d) = -d**2 - d. Calculate q(3).
-12
Let z(j) = 2*j**2 - 28*j - 37. Determine z(15).
-7
Let h(a) = -12*a - 14. Determine h(5).
-74
Let g(d) = 2*d**2 - 35*d - 23. Give g(17).
-40
Let r(x) = -75*x**2 - 4*x - 2. What is r(-1)?
-73
Let j(i) = 46*i. What is j(-1)?
-46
Let k(h) = 2*h**2 + 4*h - 17. Calculate k(-4).
-1
Let z(m) = -m**2 + m - 7. Determine z(0).
-7
Let j(o) = o**3 - 5*o**2 - 6*o + 2. Calculate j(6).
2
Let m(k) = -k**2 - 2*k + 20. Give m(-9).
-43
Let o(f) = f**3 + 8*f**2 + 15*f + 3. Calculate o(-5).
3
Let a(w) = -2*w - 77. Give a(-37).
-3
Let j(r) = -115*r - 4. What is j(0)?
-4
Let b(m) = -6*m + 1. Calculate b(3).
-17
Let o(a) = a**2 + 53*a + 272. Determine o(-6).
-10
Let u(z) = z + 1. Calculate u(5).
6
Let b(j) = -j**3 + 17*j**2 + 16*j + 40. Give b(18).
4
Let a(z) = z**2 - 17*z - 17. Give a(12).
-77
Let j(k) = -8*k**2. Determine j(-1).
-8
Let y(i) = -i - 28. What is y(-9)?
-19
Let z(j) = 56*j - 41. What is z(1)?
15
Let m(f) = -f**2 + 8*f + 11. Determine m(10).
-9
Let o(t) = -22*t + 9. Determine o(3).
-57
Let b(k) = k**3 - 5*k**2 - 3*k - 15. What is b(6)?
3
Let c(u) = -u**3 - 2*u**2 + 17*u + 39. Give c(-2).
5
Let d(c) = 2*c**2 + 12*c + 10. Give d(-2).
-6
Let d(a) = -2*a**3 - 9*a**2 + 5*a + 15. Give d(-4).
-21
Let j(a) = -a**3 + 18*a**2 + 16*a + 3. Determine j(19).
-54
Let q(i) = -i**2 + 11*i - 10. Determine q(8).
14
Let g(m) = -2*m - 1. What is g(-7)?
13
Let u(q) = -8*q - 61. Give u(-13).
43
Let f(y) = -22*y**3 + y**2 - 2. Give f(1).
-23
Let j(t) = t**2 - 10*t - 21. Calculate j(9).
-30
Let s(o) = -5*o**2 + 2*o + 1. What is s(2)?
-15
Let s(o) = o**3 + 5*o**2 - 13*o - 40. Give s(-6).
2
Let s(x) = 19*x + 5. Determine s(-4).
-71
Let v(o) = o**2 + 9*o + 16. Determine v(-6).
-2
Let g(c) = 23*c - 1. Give g(1).
22
Let l(o) = 3*o + 67. Determine l(-24).
-5
Let d(v) = -2*v**2 + 5*v + 9. Calculate d(-2).
-9
Let k(r) = -r**3 - 7*r**2 - 11*r - 4. What is k(-4)?
-8
Let r(w) = 19*w**3 - w. Calculate r(1).
18
Let i(p) = -p**3 - 6*p**2 - 9*p - 3. Give i(-3).
-3
Let j(l) = -2*l - 10. What is j(-11)?
12
Let r(a) = 2*a**2 + 61*a + 203. What is r(-27)?
14
Let v(f) = -46*f - 274. Give v(-6).
2
Let c(w) = -w**3 - 29*w**2 + 29*w - 29. Give c(-30).
1
Let v(i) = -7*i. Determine v(5).
-35
Let k(b) = 6*b + 6. Determine k(-3).
-12
Let d(t) = -t**3 - 44*t**2 - 121*t + 79. Give d(-41).
-3
Let z(n) = -n**2 + 37. Calculate z(5).
12
Let o(a) = -68*a - 8. What is o(1)?
-76
Let x(l) = -17*l - 3. Calculate x(-3).
48
Let b(v) = -21*v**2 + 2*v - 2. What is b(3)?
-185
Let z(r) = -19*r**3 - r**2 - r. What is z(-1)?
19
Let a(g) = -g**3 - 12*g**2 + 14*g + 17. What is a(-13)?
4
Let u(p) = -p**2 - 14*p - 51. Give u(-7).
-2
Let u(d) = d**3 - 24*d**2 - d + 29. What is u(24)?
5
Let s(o) = -o**3 + 11*o**2 - 9*o + 2. Give s(10).
12
Let m(r) = -13*r**2 - 53*r - 4. Determine m(-4).
0
Let l(m) = -m + 2. Determine l(5).
-3
Let g(v) = -v**3 + 3*v**2 + 8*v + 5. Give g(5).
-5
Let f(z) = z**2 + 7*z - 15. Determine f(-7).
-15
Let n(k) = k**2 - 16*k - 72. Calculate n(20).
8
Let p(t) = t**3 - 16*t**2 + 14*t - 15. Give p(15).
-30
Let r(n) = n**2 - 17*n - 11. Give r(18).
7
Let o(y) = -5*y - 28. Give o(-5).
-3
Let q(k) = -7*k + 2. Give q(11).
-75
Let d(z) = -z**2 - 10*z + 1. Give d(-11).
-10
Let d(i) = 5*i - 12. Determine d(6).
18
Let c(d) = d**3 + 14*d**2 + 30*d - 7. Give c(-11).
26
Let x(r) = r**3 - r**2 + 7*r - 7. What is x(3)?
32
Let c(k) = -k**3 - 5*k**2 - 7*k - 6. Give c(-4).
6
Let l(h) = 2*h**2 - 2*h - 18. Calculate l(-3).
6
Let i(k) = -k + 17. Determine i(10).
7
Let h(q) = -q + 15. Calculate h(18).
-3
Let p(k) = -k**3 + 2*k**2 + k - 2. Calculate p(2).
0
Let z(r) = r**3 - 9*r**2 - 23*r + 15. Give z(11).
4
Let x(h) = -h**3 - 19*h**2 - 7*h - 5. Calculate x(-19).
128
Let s(o) = -33*o + 69. Give s(4).
-63
Let s(x) = 11*x - 205. Give s(20).
15
Let z(k) = -k**3 - 2*k**2 + 5*k - 1. Calculate z(-4).
11
Let p(o) = -o**3 - 15*o**2 - 29*o - 42. Determine p(-13).
-3
Let o(x) = -18*x - 20. Calculate o(-2).
16
Let k(n) = -34*n - 139. What is k(-4)?
-3
Let a(w) = w**2 + 3*w - 1. Give a(-5).
9
Let g(a) = -a**3 + 4*a**2 + 6*a - 7. Determine g(5).
-2
Let w(z) = 2*z**2 - 23*z + 14. Calculate w(11).
3
Let h(v) = -2*v**2 - v - 2. What is h(-1)?
-3
Let d(h) = 23*h + 110. Determine d(-5).
-5
Let h(i) = 6*i**2 - 65*i - 15. What is h(11)?
-4
Let r(z) = 13*z + 222. Calculate r(-16).
14
Let a(w) = 8*w - 123. What is a(12)?
-27
Let r(f) = f**2 - 16*f + 52. What is r(7)?
-11
Let v(h) = -4*h + 11. What is v(0)?
11
Let k(h) = -18*h**3 + 2*h**2 - 2*h + 1. Give k(1).
-17
Let d(x) = x**3 + 7*x**2 + 7*x - 1. Calculate d(-6).
-7
Let h(v) = -v**3 - 36*v**2 - v - 33. Calculate h(-36).
3
Let x(h) = -3*h**2 + 29*h - 17. Calculate x(9).
1
Let f(x) = x**2 + 2*x - 1. Calculate f(1).
2
Let v(t) = 23*t - 14. Give v(1).
9
Let w(c) = -3*c - 4. What is w(-8)?
20
Let o(p) = -p**3 + 18*p + 32. Determine o(-2).
4
Let r(b) = b**2 + 9*b + 17. Determine r(-7).
3
Let r(i) = -13*i + 140. Determine r(10).
10
Let f(l) = -l + 19. Give 